{"id":876,"date":"2017-03-15T18:06:26","date_gmt":"2017-03-15T17:06:26","guid":{"rendered":"http:\/\/martinebessiere.com\/?page_id=876"},"modified":"2020-05-22T18:41:04","modified_gmt":"2020-05-22T16:41:04","slug":"mon-histoire-de-peintre-2","status":"publish","type":"page","link":"https:\/\/martinebessiere.com\/index.php\/mon-histoire-de-peintre-2\/","title":{"rendered":"Mon histoire de peintre"},"content":{"rendered":"\t\t<div data-elementor-type=\"wp-page\" data-elementor-id=\"876\" class=\"elementor elementor-876\">\n\t\t\t\t\t\t<section class=\"elementor-section elementor-top-section elementor-element elementor-element-a7db448 elementor-section-stretched elementor-section-full_width elementor-section-height-default elementor-section-height-default\" data-id=\"a7db448\" data-element_type=\"section\" data-e-type=\"section\" data-settings=\"{&quot;stretch_section&quot;:&quot;section-stretched&quot;}\">\n\t\t\t\t\t\t<div class=\"elementor-container elementor-column-gap-default\">\n\t\t\t\t\t<div class=\"elementor-column elementor-col-50 elementor-top-column elementor-element elementor-element-0311df8\" data-id=\"0311df8\" data-element_type=\"column\" data-e-type=\"column\">\n\t\t\t<div class=\"elementor-widget-wrap elementor-element-populated\">\n\t\t\t\t\t\t<div class=\"elementor-element elementor-element-0a882cd elementor-widget elementor-widget-image\" data-id=\"0a882cd\" data-element_type=\"widget\" data-e-type=\"widget\" data-widget_type=\"image.default\">\n\t\t\t\t<div class=\"elementor-widget-container\">\n\t\t\t\t\t\t\t\t\t\t\t\t\t\t\t<img fetchpriority=\"high\" decoding=\"async\" width=\"768\" height=\"1024\" src=\"https:\/\/martinebessiere.com\/wp-content\/uploads\/2020\/05\/nsmail-13-768x1024.jpeg\" class=\"attachment-large size-large wp-image-2197\" alt=\"\" srcset=\"https:\/\/martinebessiere.com\/wp-content\/uploads\/2020\/05\/nsmail-13-768x1024.jpeg 768w, https:\/\/martinebessiere.com\/wp-content\/uploads\/2020\/05\/nsmail-13-225x300.jpeg 225w, https:\/\/martinebessiere.com\/wp-content\/uploads\/2020\/05\/nsmail-13-1152x1536.jpeg 1152w, https:\/\/martinebessiere.com\/wp-content\/uploads\/2020\/05\/nsmail-13-1536x2048.jpeg 1536w, https:\/\/martinebessiere.com\/wp-content\/uploads\/2020\/05\/nsmail-13-scaled.jpeg 1920w\" sizes=\"(max-width: 768px) 100vw, 768px\" \/>\t\t\t\t\t\t\t\t\t\t\t\t\t\t\t<\/div>\n\t\t\t\t<\/div>\n\t\t\t\t\t<\/div>\n\t\t<\/div>\n\t\t\t\t<div class=\"elementor-column elementor-col-50 elementor-top-column elementor-element elementor-element-b449386\" data-id=\"b449386\" data-element_type=\"column\" data-e-type=\"column\">\n\t\t\t<div class=\"elementor-widget-wrap elementor-element-populated\">\n\t\t\t\t\t\t<div class=\"elementor-element elementor-element-28b7c48 elementor-widget elementor-widget-text-editor\" data-id=\"28b7c48\" data-element_type=\"widget\" data-e-type=\"widget\" data-widget_type=\"text-editor.default\">\n\t\t\t\t<div class=\"elementor-widget-container\">\n\t\t\t\t\t\t\t\t\t<h6>\u00a0<\/h6><h6>J\u2019ai \u00e9tudi\u00e9 le dessin aux cours Martenot \u00e0 S\u00e8vres puis \u00e0 Issy-les-Moulineaux et la peinture \u00e0 l\u2019huile dans des ateliers d\u2019arts plastiques \u00e0 Meudon et \u00e0 Boulogne Billancourt. J\u2019ai appris l\u2019aquarelle sur le motif en Bretagne, pendant mes vacances. J\u2019ai ensuite d\u00e9couvert l\u2019acrylique\u00a0<strong><a href=\"https:\/\/www.academiedartmeudon.com\">au sein de l\u2019Acad\u00e9mie d\u2019Art de Meudon<\/a>,\u00a0<\/strong><span style=\"font-family: inherit;\">\u00a0ce qui m\u2019a permis de travailler sur des grands formats tout en gardant la transparence de l\u2019aquarelle.<\/span><strong style=\"font-family: inherit;\"><a href=\"https:\/\/www.academiedartmeudon.com\"> J\u2019ai alors fr\u00e9quent\u00e9 l\u2019atelier du peintre Olivier le Bars puis celui de Vincent Bebert <\/a>.<\/strong><span style=\"font-family: inherit;\"> Aujourd\u2019hui, j\u2019ai mon atelier \u00e0 S\u00e8vres mais je continue \u00e0 peindre en compagnie d\u2019autres artistes dans le cadre des ateliers libres de Meudon. Je suis constamment en recherche de nouvelles techniques qui me permettent de faire \u00e9voluer ma peinture. Apr\u00e8s avoir \u00e9tudi\u00e9 la gravure, je m\u2019initie en ce moment \u00e0 la peinture \u00e0 l\u2019encaustique.<\/span><\/h6><h6><span style=\"font-family: inherit;\">Je n\u2019ai pas de th\u00e8mes de pr\u00e9dilection en peinture m\u00eame si j\u2019ai des p\u00e9riodes o\u00f9 je m\u2019int\u00e9resse plus particuli\u00e8rement \u00e0 certains sujets, comme les arbres ces derni\u00e8res ann\u00e9es et le chamanisme.<\/span><\/h6><h6>Je ne veux pas m\u2019enfermer dans un genre particulier. Je peins le monde qui m\u2019entoure au quotidien et celui que j\u2019ai d\u00e9couvert \u00e0 l\u2019occasion de mes nombreux voyages \u00e0 l\u2019\u00e9tranger. C\u2019est sans doute la raison pour laquelle il y a une dominante de paysages dans mes oeuvres. Mais je suis de moins en moins dans le descriptif pour m\u2019attacher de plus en plus au rapport entre les couleurs et la lumi\u00e8re en cr\u00e9ant des paysages atmosph\u00e9riques.<\/h6><h6>J\u2019\u00e9dite r\u00e9guli\u00e8rement mes derni\u00e8res peintures sur ma page Facebook gr\u00e2ce \u00e0 laquelle je suis en relation avec d\u2019autres artistes y compris \u00e0 l\u2019\u00e9tranger.\u00a0<\/h6><h6><a href=\"https:\/\/www.facebook.com\/martine.bessiere.10\">\u00a0 \u00a0 \u00a0 \u00a0 \u00a0 \u00a0 \u00a0 \u00a0 \u00a0 \u00a0 \u00a0 \u00a0 \u00a0 \u00a0 \u00a0 \u00a0 \u00a0 \u00a0 \u00a0 \u00a0 \u00a0 \u00a0 \u00a0 \u00a0 \u00a0 \u00a0 \u00a0 \u00a0 \u00a0 \u00a0 \u00a0 \u00a0 \u00a0<img decoding=\"async\" src=\"data:image\/tiff;base64,TU0AKgAAAtaAP+BP8AQWDQeEQmFQuGQ2HQ+IRGJROKRUAQOCRaNRuOR2PR+KRiQSOSSWTSeLwOUSuWS2XQWRS+ZTOaSGVSMeFpMzWeRxiKYzyuYyCczue0eKT+gyihx+i0iNAsEgYADUWhsABcKg4AAMBAEAPt9v0APh9PwAMhoOIAOt3PWGUqhTeiTqoRIoEQVAA0FgbAAGAoDxQ8I1cgBiM1wXGgXOBSSn3eGE0gigAHYyD8AAGwRvC4fE4uF3KmXSnXbJQcEggCgBVpEsgAIA0Ex\/P4jFYylyemx7I6mCjoYh4AIo6kmIO14PYAMlpOQAPR82iDrRetYAN5xO3dY6M3WjcAAFomC8AGotDiGPqxgAuHVVABzOp5R\/SbzTb7UeIwFIZgAMgqBohj5nmAAqDeUwAK+kD7pM3qOt+4D+v\/AMBoWcp0vrBEFK8zqOwcksII5CTUwpAEBIZDMNwSrsGI9EKSRGjcSpQDIKgaAAmMqhgXhQDIABhH6GHmep8gAVpdGqzcPoMx4AFMWZoAAex8H27rSye8CXheE4MAASo\/iemp7ysAAmjQUSyrPLD8S007wpZLsvzDMaaHOdb6ikNsOxehUYpHGaNRqk85zBMSamaapygANxCFpJiG0AkFBItQiTBOEIKAAPo0iChgIAc2tQtqhZ+H4shyHQeKGGEZjFk0VRlohSaP0qitLqRE8LRVDUDxbDz7MbLLvzg8SC13FMMV9DkXSajdao9W6KVyo9kwuhUV1\/Ptno1aKO2midqp7a9exZblhN3B78wi\/cJv9FFsITbVm2DGFhzdYr9TjE14V5Zdz2ddLvMhd1+wrZVs2ZYE\/J9fF1zffdjgBcuAW3gV73VEV2RJgzJYrhWA3tEGH43iN235j9\/YTeeF3RjOCJGJgzlCAB4HmfGD3jc2L5GirZgQABaEyL+Y4no+kIXcOk6YqGl6bqCa6fqOqJcgIAAA8BAAADAAAAAQAsAAABAQADAAAAAQAkAAABAgADAAAABAAAA5ABAwADAAAAAQAFAAABBgADAAAAAQACAAABEQAEAAAAAQAAAAgBEgADAAAAAQABAAABFQADAAAAAQAEAAABFgADAAAAAQAkAAABFwAEAAAAAQAAAs0BHAADAAAAAQABAAABPQADAAAAAQACAAABUgADAAAAAQABAAABUwADAAAABAAAA5iHcwAHAAAbGAAAA6AAAAAAAAgACAAIAAgAAQABAAEAAQAAGxhhcHBsAhAAAG1udHJSR0IgWFlaIAfjAAsADwAIABgAKGFjc3BBUFBMAAAAAEFQUEwAAAAAAAAAAAAAAAAAAAAAAAD21gABAAAAANMtYXBwbAAAAAAAAAAAAAAAAAAAAAAAAAAAAAAAAAAAAAAAAAAAAAAAAAAAAAAAAAAAAAAAEWRlc2MAAAFQAAAAYmRzY20AAAG0AAAEGmNwcnQAAAXQAAAAI3d0cHQAAAX0AAAAFHJYWVoAAAYIAAAAFGdYWVoAAAYcAAAAFGJYWVoAAAYwAAAAFHJUUkMAAAZEAAAIDGFhcmcAAA5QAAAAIHZjZ3QAAA5wAAAGEm5kaW4AABSEAAAGPmNoYWQAABrEAAAALG1tb2QAABrwAAAAKGJUUkMAAAZEAAAIDGdUUkMAAAZEAAAIDGFhYmcAAA5QAAAAIGFhZ2cAAA5QAAAAIGRlc2MAAAAAAAAACERpc3BsYXkAAAAAAAAAAAAAAAAAAAAAAAAAAAAAAAAAAAAAAAAAAAAAAAAAAAAAAAAAAAAAAAAAAAAAAAAAAAAAAAAAAAAAAAAAAAAAAAAAAAAAAAAAAABtbHVjAAAAAAAAACIAAAAMaHJIUgAAABQAAAGoa29LUgAAAAwAAAG8bmJOTwAAABIAAAHIaWQAAAAAABIAAAHaaHVIVQAAABQAAAHsY3NDWgAAABYAAAIAZGFESwAAABwAAAIWdWtVQQAAABwAAAIyYXIAAAAAABQAAAJOaXRJVAAAABQAAAJicm9STwAAABIAAAJ2bmxOTAAAABYAAAKIaGVJTAAAABYAAAKeZXNFUwAAABIAAAJ2ZmlGSQAAABAAAAK0emhUVwAAAAwAAALEdmlWTgAAAA4AAALQc2tTSwAAABYAAALeemhDTgAAAAwAAALEcnVSVQAAACQAAAL0ZnJGUgAAABYAAAMYbXMAAAAAABIAAAMuY2FFUwAAABgAAANAdGhUSAAAAAwAAANYZXNYTAAAABIAAAJ2ZGVERQAAABAAAANkZW5VUwAAABIAAAN0cHRCUgAAABgAAAOGcGxQTAAAABIAAAOeZWxHUgAAACIAAAOwc3ZTRQAAABAAAAPSdHJUUgAAABQAAAPiamFKUAAAAA4AAAP2cHRQVAAAABYAAAQEAEwAQwBEACAAdQAgAGIAbwBqAGnO7LfsACAATABDAEQARgBhAHIAZwBlAC0ATABDAEQATABDAEQAIABXAGEAcgBuAGEAUwB6AO0AbgBlAHMAIABMAEMARABCAGEAcgBlAHYAbgD9ACAATABDAEQATABDAEQALQBmAGEAcgB2AGUAcwBrAOYAcgBtBBoEPgQ7BEwEPgRABD4EMgQ4BDkAIABMAEMARCAPAEwAQwBEACAGRQZEBkgGRgYpAEwAQwBEACAAYwBvAGwAbwByAGkATABDAEQAIABjAG8AbABvAHIASwBsAGUAdQByAGUAbgAtAEwAQwBEIA8ATABDAEQAIAXmBdEF4gXVBeAF2QBWAOQAcgBpAC0ATABDAERfaYJyACAATABDAEQATABDAEQAIABNAOAAdQBGAGEAcgBlAGIAbgDpACAATABDAEQEJgQyBDUEQgQ9BD4EOQAgBBYEGgAtBDQEOARBBD8EOwQ1BDkATABDAEQAIABjAG8AdQBsAGUAdQByAFcAYQByAG4AYQAgAEwAQwBEAEwAQwBEACAAZQBuACAAYwBvAGwAbwByAEwAQwBEACAOKg41AEYAYQByAGIALQBMAEMARABDAG8AbABvAHIAIABMAEMARABMAEMARAAgAEMAbwBsAG8AcgBpAGQAbwBLAG8AbABvAHIAIABMAEMARAOIA7MDxwPBA8kDvAO3ACADvwO4A8wDvQO3ACAATABDAEQARgDkAHIAZwAtAEwAQwBEAFIAZQBuAGsAbABpACAATABDAEQwqzDpMPwAIABMAEMARABMAEMARAAgAGEAIABDAG8AcgBlAHMAAHRleHQAAAAAQ29weXJpZ2h0IEFwcGxlIEluYy4sIDIwMTkAAFhZWiAAAAAAAADzUgABAAAAARbPWFlaIAAAAAAAAG8xAAA5YwAAAYNYWVogAAAAAAAAYO4AALdqAAAIElhZWiAAAAAAAAAmtwAADzIAAMmXY3VydgAAAAAAAAQAAAAABQAKAA8AFAAZAB4AIwAoAC0AMgA2ADsAQABFAEoATwBUAFkAXgBjAGgAbQByAHcAfACBAIYAiwCQAJUAmgCfAKMAqACtALIAtwC8AMEAxgDLANAA1QDbAOAA5QDrAPAA9gD7AQEBBwENARMBGQEfASUBKwEyATgBPgFFAUwBUgFZAWABZwFuAXUBfAGDAYsBkgGaAaEBqQGxAbkBwQHJAdEB2QHhAekB8gH6AgMCDAIUAh0CJgIvAjgCQQJLAlQCXQJnAnECegKEAo4CmAKiAqwCtgLBAssC1QLgAusC9QMAAwsDFgMhAy0DOANDA08DWgNmA3IDfgOKA5YDogOuA7oDxwPTA+AD7AP5BAYEEwQgBC0EOwRIBFUEYwRxBH4EjASaBKgEtgTEBNME4QTwBP4FDQUcBSsFOgVJBVgFZwV3BYYFlgWmBbUFxQXVBeUF9gYGBhYGJwY3BkgGWQZqBnsGjAadBq8GwAbRBuMG9QcHBxkHKwc9B08HYQd0B4YHmQesB78H0gflB\/gICwgfCDIIRghaCG4IggiWCKoIvgjSCOcI+wkQCSUJOglPCWQJeQmPCaQJugnPCeUJ+woRCicKPQpUCmoKgQqYCq4KxQrcCvMLCwsiCzkLUQtpC4ALmAuwC8gL4Qv5DBIMKgxDDFwMdQyODKcMwAzZDPMNDQ0mDUANWg10DY4NqQ3DDd4N+A4TDi4OSQ5kDn8Omw62DtIO7g8JDyUPQQ9eD3oPlg+zD88P7BAJECYQQxBhEH4QmxC5ENcQ9RETETERTxFtEYwRqhHJEegSBxImEkUSZBKEEqMSwxLjEwMTIxNDE2MTgxOkE8UT5RQGFCcUSRRqFIsUrRTOFPAVEhU0FVYVeBWbFb0V4BYDFiYWSRZsFo8WshbWFvoXHRdBF2UXiReuF9IX9xgbGEAYZRiKGK8Y1Rj6GSAZRRlrGZEZtxndGgQaKhpRGncanhrFGuwbFBs7G2MbihuyG9ocAhwqHFIcexyjHMwc9R0eHUcdcB2ZHcMd7B4WHkAeah6UHr4e6R8THz4faR+UH78f6iAVIEEgbCCYIMQg8CEcIUghdSGhIc4h+yInIlUigiKvIt0jCiM4I2YjlCPCI\/AkHyRNJHwkqyTaJQklOCVoJZclxyX3JicmVyaHJrcm6CcYJ0kneierJ9woDSg\/KHEooijUKQYpOClrKZ0p0CoCKjUqaCqbKs8rAis2K2krnSvRLAUsOSxuLKIs1y0MLUEtdi2rLeEuFi5MLoIuty7uLyQvWi+RL8cv\/jA1MGwwpDDbMRIxSjGCMbox8jIqMmMymzLUMw0zRjN\/M7gz8TQrNGU0njTYNRM1TTWHNcI1\/TY3NnI2rjbpNyQ3YDecN9c4FDhQOIw4yDkFOUI5fzm8Ofk6Njp0OrI67zstO2s7qjvoPCc8ZTykPOM9Ij1hPaE94D4gPmA+oD7gPyE\/YT+iP+JAI0BkQKZA50EpQWpBrEHuQjBCckK1QvdDOkN9Q8BEA0RHRIpEzkUSRVVFmkXeRiJGZ0arRvBHNUd7R8BIBUhLSJFI10kdSWNJqUnwSjdKfUrESwxLU0uaS+JMKkxyTLpNAk1KTZNN3E4lTm5Ot08AT0lPk0\/dUCdQcVC7UQZRUFGbUeZSMVJ8UsdTE1NfU6pT9lRCVI9U21UoVXVVwlYPVlxWqVb3V0RXklfgWC9YfVjLWRpZaVm4WgdaVlqmWvVbRVuVW+VcNVyGXNZdJ114XcleGl5sXr1fD19hX7NgBWBXYKpg\/GFPYaJh9WJJYpxi8GNDY5dj62RAZJRk6WU9ZZJl52Y9ZpJm6Gc9Z5Nn6Wg\/aJZo7GlDaZpp8WpIap9q92tPa6dr\/2xXbK9tCG1gbbluEm5rbsRvHm94b9FwK3CGcOBxOnGVcfByS3KmcwFzXXO4dBR0cHTMdSh1hXXhdj52m3b4d1Z3s3gReG54zHkqeYl553pGeqV7BHtje8J8IXyBfOF9QX2hfgF+Yn7CfyN\/hH\/lgEeAqIEKgWuBzYIwgpKC9INXg7qEHYSAhOOFR4Wrhg6GcobXhzuHn4gEiGmIzokziZmJ\/opkisqLMIuWi\/yMY4zKjTGNmI3\/jmaOzo82j56QBpBukNaRP5GokhGSepLjk02TtpQglIqU9JVflcmWNJaflwqXdZfgmEyYuJkkmZCZ\/JpomtWbQpuvnByciZz3nWSd0p5Anq6fHZ+Ln\/qgaaDYoUehtqImopajBqN2o+akVqTHpTilqaYapoum\/adup+CoUqjEqTepqaocqo+rAqt1q+msXKzQrUStuK4trqGvFq+LsACwdbDqsWCx1rJLssKzOLOutCW0nLUTtYq2AbZ5tvC3aLfguFm40blKucK6O7q1uy67p7whvJu9Fb2Pvgq+hL7\/v3q\/9cBwwOzBZ8Hjwl\/C28NYw9TEUcTOxUvFyMZGxsPHQce\/yD3IvMk6ybnKOMq3yzbLtsw1zLXNNc21zjbOts83z7jQOdC60TzRvtI\/0sHTRNPG1EnUy9VO1dHWVdbY11zX4Nhk2OjZbNnx2nba+9uA3AXcit0Q3ZbeHN6i3ynfr+A24L3hROHM4lPi2+Nj4+vkc+T85YTmDeaW5x\/nqegy6LzpRunQ6lvq5etw6\/vshu0R7ZzuKO6070DvzPBY8OXxcvH\/8ozzGfOn9DT0wvVQ9d72bfb794r4Gfio+Tj5x\/pX+uf7d\/wH\/Jj9Kf26\/kv+3P9t\/\/9wYXJhAAAAAAADAAAAAmZmAADypwAADVkAABPQAAAKDnZjZ3QAAAAAAAAAAAADAQAAAgAAAAcAHgBKAIsA4wEqAW4BwAIZAnQC2gNJA8MERwTUBW0GEQbCB3wIPgkHCd0KuQucDI8Npw7cEBARSxKJE8kVERZcF6wZBBphG70dIB6MH\/ghZCLaJE4lyScvKI4p6ytJLJ8t9i9DMI0x0DMNNEI1czacN8A44Dn9Oxc8Kz05PkU\/UkBjQXNChEOXRKtFv0bTR+lI\/0oVSyxMQ01bTmlPdlCFUZJSn1OrVLdVwlbLV9JY2VnfWuNb6FztXehe3F\/OYL9hr2KeY41kemVmZlFnO2gkaQ5p9mrfa8ZsqW2NbnBvU3A3cRpx\/HLec8B0o3WFdmZ3SXgreQp56nrMe7B8mH2Efnd\/cYBygXqCioOhhL2F34cJiDyJcIqji9aNCo48j22QnpHOkv2ULJVbloqXtpjgmgubNZxfnYmesp\/boQSiLaNWpH+lqKbRp\/ipIKpMq3yssq3xrzqwj7Hvs1u0z7ZPt9S5PLp0u6m83L4LvzPAVsFxwoXDkcSWxZbGkceIyIPJh8qNy43Mhc10zlfPLs\/70MDRe9I20vbT19S51ZrWfddf2ELZJdoJ2u3b0dy13Zrefd9g4EThKeIQ4vnj5uTW5cnmwee76Lnpueql647sdu1e7kXvK\/AQ8PXx2vK+86H0hfVo9kv3L\/gT+Pf53PrA+6L8hP1l\/kT\/Iv\/\/AAAABgAaAEAAeADFARMBTAGQAd8CMwKOAvMDXwPWBFUE3QVwBg4GtwdlCBoI2gmcCmcLQgw9DVQOaA+AEKARwRLpFBUVRBZ5F68Y7xouG3IcvB4LH1YgqiH\/I0EkgSW\/JvwoNylqKp0ryyzyLhUvMzBIMVsyZzNxNHk1fTZ6N2o4WzlMOj07MDwiPRU+CD76P+1A4UHVQspDvkSzRadGmEeISHdJaEpZS0hMOE0nThVPBE\/0UOJR0VLAU7BUnlWIVnNXXlhJWTNaHVsGW+5c1l29XqNfimBvYVRiNGMMY+JkuWWPZmZnPGgRaOZpu2qRa2VsOm0PbeNut2+IcFlxK3H8cs5zoHRydUN2FXbnd7l4jHleejB7AnvXfK99i35tf1WARIE6gjmDPYRIhViGboeHiKWJw4rhi\/6NHI45j1aQc5GQkqyTyZTmlgKXHJg2mVGabZuLnKyd0J72oCKhUKKDo7mk8aYup3GotKn3qzmsfK2+rwCwQbGDssW0BbVHtoi3x7kHukW7gry9vfS\/JsBTwXvCnsO7xNXF6cb3yATJE8ohyy\/MPc1MzlrPaNB30YbSldOi1K\/VvNbJ19bY5dn02wPcFN0l3jjfTOBn4aPi6eQn5Vrmhueq6Mfp4er47A7tJe4\/71vwgPHQ8zP0k\/Xz91L4tPoY+4X8+P53\/\/8AAAAEABEAKgBOAIAAwAEHAToBdAG3AgICTQKgAvsDXgPKBDwEtgU4BcIGUAbjB3sIGwjHCY0KYws8DBsM\/g3iDssPtRClEZgSjhOIFIUVhhaLF5MYnxmrGrgbvRy9Hb4evx++ILshtSKrI50kiyV1JlwnQCgiKQAp2yq3K4ssVi0gLeoutS+AMEsxFjHhMqszdTQ\/NQk10zadN2g4NDj4Ob46hTtLPBI82j2iPmo\/Mj\/8QMZBkUJdQypD90TDRY9GW0cnR\/JIvkmKSlZLIUvrTLZNgE5MTxZP4VCrUXNSO1MCU8pUklVaViBW51euWHVZO1oCWslbj1xTXRZd2V6bX11gHWDdYZ1iXWMcY9pkmGVWZhNmz2eLaEVpAGm7anZrMWvsbKdtYm4cbtdvk3BOcQhxwXJ6czNz7HSldV52F3bPd4d4P3j4ebB6aXsge9l8lH1Ufhl+5X+4gJSBeYJmg1yEWYVbhmWHdYiFiZaKpou2jMaN1Y7lj\/SRA5ITkyKUMJU6lkOXSphRmVmaYptvnH+dk56sn8ug76Ilo3mk0KYnp36o1qotq4Ss264xr4iw3rI2s4u037Yzt4e43Lozu4q84r48v5jA9sJUw7XFJ8akyC3JxctrzSTO7NDH0rHUqdaw2MHa3d0A3zDhp+SG54rqt+4P8Yj1GPi1\/Ff\/\/wAAbmRpbgAAAAAAAAY2AACl4wAAVqEAAFFbAACnKwAAJZsAAA4UAABQDQAAVDkAAkKPAAHZmQABR64AAwEAAAIAAAANACcARgBmAIcAqADJAOsBDgExAVUBegGdAbwB2wH8Ah0CPwJiAoYCqgLPAvQDGwNBA2gDkAO5A+IECwQ1BGAEjAS4BOQFEgU\/BW4FoQXVBgoGQQZ4BrIG7AcoB2cHpwfpCC4IdQi\/CQsJWgmsCgEKWAqyCw4LbgvSDDgMoA0IDXIN3g5KDrkPKA+aEA0QgRD3EW8R6BJjEt8TYhPnFG0U9hWBFg4WnRcvF8MYWxj1GZEaMRrTG3ccHRzQHYceQh8AH8EghSFNIhki6CO7JJElaiZGJyUoDCj1KeIq0ivELLotsy6wL68wsjG4MsAzyzTeNfE3BDgVOSM6LTsxPDA9Kj4gPxJAAkDvQdtCv0OiRIhFb0ZYR0JIL0keSg9LA0v4TPBN6k7lT+JQ4VHkUutT81T9VglXF1gnWTlaTVtjXHtdlV6wX85g7WIOYzNkWWV\/ZqNnxWjjaf1rEmwhbSpuLm8tcClxInIWcwlz+nTpdhp3TXiEeb96\/nxFfZN+64BNgbuDNIS5hkmH44mHiyGMro5Aj+CRkZNYlT2XSZl3m8WeG6AOogKj+aXyp+6p7Kvsre+v9bH9tAi2G7gvukS8Wb5pwHbCfsSAxn3IdspszGDOi9C40urVIddd2Z\/b5t4x4IHi1eUr54jp5+xH7qrxEPN79e34Zvrn\/XD\/\/wAAAA8ALgBRAHUAmgC\/AOQBCwEyAVsBhAGpAcsB7wIUAjoCYAKIArAC2QMDAy0DWQOFA7ED3wQNBDwEawSbBM0E\/gUxBWQFnAXVBg8GTAaJBsgHCgdNB5IH2gglCHIIwgkWCWwJxgojCoIK5QtKC7oMKwyfDRUNjA4GDoIPAA+BEAMQiBEOEZcSIhKvE0AT1RRtFQYVohZBFuIXhhgtGNYZgRowGuAbkxxIHQQdwh6DH0YgDCDWIaIicyNGJB4k+CXWJrcnoCiXKZEqjiuOLJItmi6mL7UwyDHeMvc0FTU6NmM3jji9Oe87JTxfPZs+20AeQWRCr0P7RUVGi0fLSQVKN0tiTIZNpk7BT9pQ8FIEUxZUKlVAVllXc1iPWa5azlvxXRZePV9mYJFhvmLuZCNlWGaPZ8Zo\/Wo0a2lsnm3RbwJwMnFgco5zu3Todg93N3hgeYt6uHvnfRd+SX99gLKB6oMjhF2FmobYiBeJWYqei+SNLY54j8aRGJJvk8yVMJabmA6ZiZsMnJWeJ5\/HoWmjDKSyplqoBKmwq1+tEK7DsHiyL7Potae3abktuvK8ur6CwEzCF8PjxbDHfMlKyxnM0M5Vz+PRetMe1M7Wi9hT2ibcAd3i38bhq+OP5XLnU+kb6p\/sJ+2x7z7wzvJf8+\/1gPcP+Jn6Hvuf\/Rr+j\/\/\/AAAAFwBBAHAAnwDPAP8BMgFmAZkBxQHzAiICUgKEArcC7AMhA1gDkAPJBAMEPgR6BLcE9QU1BXYFvQYFBk8GmwbqBzsHkAfoCEQIpAkICXAJ3ApMCsALNwu6DEIMzA1ZDeoOfg8VD7AQTxDxEZYSPhLpE50UUxUNFcoWiRdMGBIY2hmlGnIbQRwTHOsdxh6kH4YgayFUIkEjMiQnJR8mGycaKCApKyo5K0ssYS18LpovvTDkMg4zPDRyNa427zg1OYE60jwoPYQ+5kBMQbdDK0SkRiFHo0kpSrVMRE3YT3BRDFKwVFtWCVe9WXZbNFz4XsBgjWJeZDZmDGfZaZprSWzpbnlv\/HF0cuV0UHWzdxF4cnnUezp8oX4Lf3iA54JYg8yFQoa6iDSJtos9jMmOWY\/rkX6TEZSili+XuZk+mr+cPJ22nwWgTKGVot+kKqV3psWoFalmqrqsDq1krrywFbFwssu0KLWKtu24Ubm3ux68hr3uv1fAwcIrw5XE\/8Zqx9TJQMqrzBbNc87K0BvRaNKs0+rVI9ZX14LYqNnK2uXb\/N0Q3h\/fK+A14TriPuNA5EDlPuY65zfoMekq6iLrDuvp7Lntd+417uzvpfBZ8QrxvPJm8xDzuPRc9QD1ovZC9uL3f\/gc+Ln5Vfnw+oz7J\/vC\/F78+P2T\/i\/+yf9k\/\/8AAHNmMzIAAAAAAAEMQgAABd7\/\/\/MmAAAHkgAA\/ZH\/\/\/ui\/\/\/9owAAA9wAAMBsbW1vZAAAAAAAAAYQAACcowAAAAAAAAAAAAAAAAAAAAAAAAAAAAAAAA==\" alt=\"Pasted Graphic 1.tiff\" \/><\/a><\/h6>\t\t\t\t\t\t\t\t<\/div>\n\t\t\t\t<\/div>\n\t\t\t\t\t<\/div>\n\t\t<\/div>\n\t\t\t\t\t<\/div>\n\t\t<\/section>\n\t\t\t\t<\/div>\n\t\t","protected":false},"excerpt":{"rendered":"<p>\u00a0 J\u2019ai \u00e9tudi\u00e9 le dessin aux cours Martenot \u00e0 S\u00e8vres puis \u00e0 Issy-les-Moulineaux et la peinture \u00e0 l\u2019huile dans des &hellip; <a href=\"https:\/\/martinebessiere.com\/index.php\/mon-histoire-de-peintre-2\/\" class=\"more-link\">Continue reading <span class=\"screen-reader-text\">Mon histoire de peintre<\/span><\/a><\/p>\n","protected":false},"author":1,"featured_media":0,"parent":0,"menu_order":4,"comment_status":"closed","ping_status":"closed","template":"","meta":{"_vp_format_video_url":"","_vp_image_focal_point":[],"footnotes":""},"class_list":["post-876","page","type-page","status-publish","hentry"],"jetpack_sharing_enabled":true,"_links":{"self":[{"href":"https:\/\/martinebessiere.com\/index.php\/wp-json\/wp\/v2\/pages\/876","targetHints":{"allow":["GET"]}}],"collection":[{"href":"https:\/\/martinebessiere.com\/index.php\/wp-json\/wp\/v2\/pages"}],"about":[{"href":"https:\/\/martinebessiere.com\/index.php\/wp-json\/wp\/v2\/types\/page"}],"author":[{"embeddable":true,"href":"https:\/\/martinebessiere.com\/index.php\/wp-json\/wp\/v2\/users\/1"}],"replies":[{"embeddable":true,"href":"https:\/\/martinebessiere.com\/index.php\/wp-json\/wp\/v2\/comments?post=876"}],"version-history":[{"count":50,"href":"https:\/\/martinebessiere.com\/index.php\/wp-json\/wp\/v2\/pages\/876\/revisions"}],"predecessor-version":[{"id":2639,"href":"https:\/\/martinebessiere.com\/index.php\/wp-json\/wp\/v2\/pages\/876\/revisions\/2639"}],"wp:attachment":[{"href":"https:\/\/martinebessiere.com\/index.php\/wp-json\/wp\/v2\/media?parent=876"}],"curies":[{"name":"wp","href":"https:\/\/api.w.org\/{rel}","templated":true}]}}