{"id":50,"date":"2017-03-02T16:04:50","date_gmt":"2017-03-02T15:04:50","guid":{"rendered":"http:\/\/martinebessiere.com\/?page_id=50"},"modified":"2021-10-04T15:29:43","modified_gmt":"2021-10-04T13:29:43","slug":"expositions","status":"publish","type":"page","link":"https:\/\/martinebessiere.com\/index.php\/expositions\/","title":{"rendered":"Mes expositions"},"content":{"rendered":"\t\t<div data-elementor-type=\"wp-page\" data-elementor-id=\"50\" class=\"elementor elementor-50\">\n\t\t\t\t\t\t<section class=\"elementor-section elementor-top-section elementor-element elementor-element-de9ef89 elementor-section-stretched elementor-section-full_width elementor-section-height-default elementor-section-height-default\" data-id=\"de9ef89\" data-element_type=\"section\" data-e-type=\"section\" data-settings=\"{&quot;stretch_section&quot;:&quot;section-stretched&quot;}\">\n\t\t\t\t\t\t<div class=\"elementor-container elementor-column-gap-default\">\n\t\t\t\t\t<div class=\"elementor-column elementor-col-50 elementor-top-column elementor-element elementor-element-79795a5\" data-id=\"79795a5\" data-element_type=\"column\" data-e-type=\"column\">\n\t\t\t<div class=\"elementor-widget-wrap elementor-element-populated\">\n\t\t\t\t\t\t<div class=\"elementor-element elementor-element-a27eeb1 elementor-widget elementor-widget-image\" data-id=\"a27eeb1\" data-element_type=\"widget\" data-e-type=\"widget\" data-widget_type=\"image.default\">\n\t\t\t\t<div class=\"elementor-widget-container\">\n\t\t\t\t\t\t\t\t\t\t\t\t\t\t\t<img fetchpriority=\"high\" decoding=\"async\" width=\"300\" height=\"225\" src=\"https:\/\/martinebessiere.com\/wp-content\/uploads\/2020\/11\/IMG_0845-300x225.jpg\" class=\"attachment-medium size-medium wp-image-2646\" alt=\"\" srcset=\"https:\/\/martinebessiere.com\/wp-content\/uploads\/2020\/11\/IMG_0845-300x225.jpg 300w, https:\/\/martinebessiere.com\/wp-content\/uploads\/2020\/11\/IMG_0845-1024x768.jpg 1024w, https:\/\/martinebessiere.com\/wp-content\/uploads\/2020\/11\/IMG_0845-768x576.jpg 768w, https:\/\/martinebessiere.com\/wp-content\/uploads\/2020\/11\/IMG_0845-1536x1152.jpg 1536w, https:\/\/martinebessiere.com\/wp-content\/uploads\/2020\/11\/IMG_0845-2048x1536.jpg 2048w\" sizes=\"(max-width: 300px) 100vw, 300px\" \/>\t\t\t\t\t\t\t\t\t\t\t\t\t\t\t<\/div>\n\t\t\t\t<\/div>\n\t\t\t\t\t<\/div>\n\t\t<\/div>\n\t\t\t\t<div class=\"elementor-column elementor-col-50 elementor-top-column elementor-element elementor-element-c153923\" data-id=\"c153923\" data-element_type=\"column\" data-e-type=\"column\">\n\t\t\t<div class=\"elementor-widget-wrap elementor-element-populated\">\n\t\t\t\t\t\t<div class=\"elementor-element elementor-element-f4da6f5 elementor-widget elementor-widget-text-editor\" data-id=\"f4da6f5\" data-element_type=\"widget\" data-e-type=\"widget\" data-widget_type=\"text-editor.default\">\n\t\t\t\t<div class=\"elementor-widget-container\">\n\t\t\t\t\t\t\t\t\t<h6><strong>2021 :<\/strong><\/h6><p>du 10 au 28 mars : Participation \u00e0 l&rsquo;exposition collective au 44\u00e8 Salon de Printemps des Artistes Ind\u00e9pendants de Ville-d\u2019Avray<\/p><p>25 et 26 septembre : Portes ouvertes des Ateliers d\u2019Artistes \u00e0 S\u00e8vres. Exposition \u00e0 la galerie Loubat.<\/p><h6><b>2020 :<\/b><\/h6><p>du 9 au 27 septembre : Participation \u00e0 l&rsquo;exposition collective au Centre d&rsquo;Art et de Culture de Meudon.<\/p><p>Week end des 26 et 27 septembre : Portes ouvertes des Ateliers d&rsquo;Artistes \u00e0 Meudon : exposition avec deux autres artistes chez Marie-Alix Carlander, rue Massenet \u00e0 Meudon<\/p><p>du 12 septembre au 4 octobre : Participation \u00e0 l&rsquo;exposition collective 9\u00e9 Salon des Arts Meudonnais \u00e0 l&rsquo;Orangerie du ch\u00e2teau de Meudon.<\/p><p>7 et 8 mars : Participation \u00e0 l\u2019exposition collective \u00e0 la Galerie Loubat \u00e0 S\u00e8vres sur le th\u00e8me \u00ab\u00a0Femmes plurielles\u00a0\u00bb.<\/p><p>Du 2 mars au 4 avril :<span class=\"Apple-converted-space\">\u00a0 <\/span>Exposition en duo avec une sculpteure, Marianne H\u00e9rard, au Cr\u00e9dit Mutuel de Meudon Bellevue. (annul\u00e9e pour cause de coronavirus)<\/p><p><b>2019 :<\/b><\/p><p>Du 28 au 29 septembre : Participation aux Portes Ouvertes des ateliers d\u2019artistes \u00e0 S\u00e8vres.<span class=\"Apple-converted-space\">\u00a0<\/span><\/p><p>18 mai : Petit march\u00e9 d\u2019Art de Ville d\u2019Avray organis\u00e9 par l\u2019AIVA<\/p><p>Du 2 au 30 mars : Maison de retraite, RESIDENCE DU PARC<span class=\"Apple-converted-space\">\u00a0 <\/span>\u00e0 Meudon-la-For\u00eat (92. Exposition collective.<\/p><p>Du 20 au 27 mars :\u00a0 Salon des Arts de Saint-Cyr-L\u2019Ecole (78) au Th\u00e9\u00e2tre Jean Vilar. Exposition collective<\/p><p>Du 30 mars au 27 avril :\u00a0Centre Culturel l\u2019AVANT SCENE \u00e0 Meudon (92310). Exposition collective.<\/p><p>Du 8 au 30 avril :\u00a0 Maison de retraite, RESIDENCE DU PARC<span class=\"Apple-converted-space\">\u00a0 <\/span>\u00e0 Meudon-la-For\u00eat (92. Exposition collective.<\/p><p>Du 8 au 17 f\u00e9vrier:\u00a0 <a href=\"http:\/\/www.sevriennedesarts.com\/\">Salon des Arts de S\u00e8vres. <\/a>\u00a0Au SEL \u00e0 S\u00e8vres (92). Exposition collective. Th\u00e8me : Le chaos.<\/p><p><b>2018:<\/b><\/p><p>Du 28 au 30 septembre : Exposition collective \u00ab\u00a0Artistes \u00e0 Meudon\u00a0\u00bb. Participation aux Portes ouvertes en bin\u00f4me avec et chez un artiste de Meudon.<\/p><p>Du 11 au 30 septembre : Exposition collective au Centre d\u2019Art et de Culture de Meudon<\/p><p>Du 5 au 11 mars : Exposition collective au Carr\u00e9 \u00e0 la Farine, \u00e0 Versailles (78) avec l\u2019association RE-CREATION de Meudon-la-For\u00eat. 10 exposants.<\/p><p>Du 7 au 14 f\u00e9vrier : Salon des arts de la Ville de Saint-Cyr, au th\u00e9\u00e2tre G\u00e9rard Philippe<\/p><p>Du 26 janvier au 4 f\u00e9vrier:\u00a0 <a href=\"http:\/\/www.sevriennedesarts.com\/\">Salon des Arts de S\u00e8vres. <\/a>\u00a0Au SEL \u00e0 S\u00e8vres (92). Exposition collective, 100 exposants. Th\u00e8me : Vivre<\/p><p><b>2017:<\/b><\/p><p>Du 27 janvier au 5 f\u00e9vrier:\u00a0 <a href=\"http:\/\/www.sevriennedesarts.com\/\">Salon des Arts de S\u00e8vres. <\/a>\u00a0Au SEL \u00e0 S\u00e8vres (92). Exposition collective, 100 exposants. Th\u00e9me : Les 4 \u00e9l\u00e9ments<\/p><p><b>2016:<\/b><\/p><p>Novembre: Mairie de Chaville. Exposition collective de la Passerelle des Arts.<\/p><p>Du 16 au 19 d\u00e9cembre: Galerie Loubat \u00e0 S\u00e8vres. Petit March\u00e9 de l\u2019art. Exposition collective.\u00a0<\/p><p>Du 15 au 30 septembre: DENATURA, Exposition sur le th\u00e8me du r\u00e9chauffement climatique \u00e0 la Mezzanine, Mairie de S\u00e8vres. (Exposition collective)<\/p><p>Dimanche 29 mai: 7\u00e8 March\u00e9 de l\u2019Art \u00e0 S\u00e8vres \u2013 92310 \u2013 Personnel de stand.<\/p><p><b>2015:<\/b><\/p><p>26 et 27 septembre: Journ\u00e9es portes ouvertes aux ateliers d\u2019artistes de S\u00e8vres.<\/p><p>19 et 20 septembre\u00a0: Journ\u00e9es portes ouvertes aux\u00a0ateliers d\u2019artistes de l\u2019Acad\u00e9mie d\u2019Art de Meudon.<\/p><p>Du 22 avril au 20 mai\u00a0:\u00a0\u00ab\u00a0La nature vue par les grands\u00a0\u00bb \u00e0 la\u00a0Maison de la Nature \u00e0 Meudon<\/p><p><b>2014\u00a0:<\/b><\/p><p>Du 30 ao\u00fbt au 25 septembre\u00a0:\u00a0Premi\u00e8re exposition personnelle\u00a0\u00e0 l\u2019Office du tourisme de M\u00e9zi\u00e8res-en-Brenne avec le sculpteur Mary-Jeanne Wibout\u00a0: l\u2019Art au f\u00e9minin. (un article dans la presse locale).<\/p><p>Du 8 au 7 juillet\u00a0:\u00a04\u00e8 Salon des Arts meudonnais\u00a0\u00e0 l\u2019Orangerie du Ch\u00e2teau de Meudon.<\/p><p>Du 4 au 25 juin\u00a0: Exposition de quelques tableaux au\u00a0Centre Culturel de Meudon\u00a0dans le cadre de l\u2019exposition \u00ab\u00a0Les Meudonnais ont du talent\u00a0\u00bb.<\/p><p>Dimanche 4 mai\u00a0:\u00a06\u00e8 March\u00e9 de l\u2019Art \u00e0 S\u00e8vres\u00a0\u2013 92310 \u2013 Stand personnel.<\/p><p><b>2013\u00a0:<\/b><\/p><p>Du 8 au 7 juillet: 3\u00e8 Salon des Arts Meudonnais \u00e0 l\u2019Orangerie du Ch\u00e2teau de Meudon<\/p><p>Du 4 au 25 juin: Exposition de quelques tableaux au Centre Culturel de Meudon dans le cadre de l\u2019exposition \u00abLes Meudonnais au talent\u00bb \u2026<\/p><p>Dimanche 21 avril: 5\u00e8 March\u00e9 de l\u2019Art \u00e0 S\u00e8vres \u2013 92310 \u2013 Personnel de stand.<\/p>\t\t\t\t\t\t\t\t<\/div>\n\t\t\t\t<\/div>\n\t\t\t\t\t<\/div>\n\t\t<\/div>\n\t\t\t\t\t<\/div>\n\t\t<\/section>\n\t\t\t\t<\/div>\n\t\t","protected":false},"excerpt":{"rendered":"<p>2021 : du 10 au 28 mars : Participation \u00e0 l&rsquo;exposition collective au 44\u00e8 Salon de Printemps des Artistes Ind\u00e9pendants &hellip; <a href=\"https:\/\/martinebessiere.com\/index.php\/expositions\/\" class=\"more-link\">Continue reading <span class=\"screen-reader-text\">Mes expositions<\/span><\/a><\/p>\n","protected":false},"author":1,"featured_media":0,"parent":0,"menu_order":5,"comment_status":"closed","ping_status":"closed","template":"","meta":{"_vp_format_video_url":"","_vp_image_focal_point":[],"footnotes":""},"class_list":["post-50","page","type-page","status-publish","hentry"],"jetpack_sharing_enabled":true,"_links":{"self":[{"href":"https:\/\/martinebessiere.com\/index.php\/wp-json\/wp\/v2\/pages\/50","targetHints":{"allow":["GET"]}}],"collection":[{"href":"https:\/\/martinebessiere.com\/index.php\/wp-json\/wp\/v2\/pages"}],"about":[{"href":"https:\/\/martinebessiere.com\/index.php\/wp-json\/wp\/v2\/types\/page"}],"author":[{"embeddable":true,"href":"https:\/\/martinebessiere.com\/index.php\/wp-json\/wp\/v2\/users\/1"}],"replies":[{"embeddable":true,"href":"https:\/\/martinebessiere.com\/index.php\/wp-json\/wp\/v2\/comments?post=50"}],"version-history":[{"count":34,"href":"https:\/\/martinebessiere.com\/index.php\/wp-json\/wp\/v2\/pages\/50\/revisions"}],"predecessor-version":[{"id":2674,"href":"https:\/\/martinebessiere.com\/index.php\/wp-json\/wp\/v2\/pages\/50\/revisions\/2674"}],"wp:attachment":[{"href":"https:\/\/martinebessiere.com\/index.php\/wp-json\/wp\/v2\/media?parent=50"}],"curies":[{"name":"wp","href":"https:\/\/api.w.org\/{rel}","templated":true}]}}