{"id":1738,"date":"2020-02-22T14:38:56","date_gmt":"2020-02-22T13:38:56","guid":{"rendered":"http:\/\/martinebessiere.com\/?page_id=1738"},"modified":"2020-05-28T16:27:45","modified_gmt":"2020-05-28T14:27:45","slug":"dessins-croquis","status":"publish","type":"page","link":"https:\/\/martinebessiere.com\/index.php\/dessins-croquis\/","title":{"rendered":"Dessins, croquis&#8230;"},"content":{"rendered":"\t\t<div data-elementor-type=\"wp-page\" data-elementor-id=\"1738\" class=\"elementor elementor-1738\">\n\t\t\t\t\t\t<section class=\"elementor-section elementor-top-section elementor-element elementor-element-99c2bc1 elementor-section-stretched elementor-section-full_width elementor-section-content-middle elementor-section-height-default elementor-section-height-default\" data-id=\"99c2bc1\" data-element_type=\"section\" data-e-type=\"section\" data-settings=\"{&quot;stretch_section&quot;:&quot;section-stretched&quot;}\">\n\t\t\t\t\t\t<div class=\"elementor-container elementor-column-gap-default\">\n\t\t\t\t\t<div class=\"elementor-column elementor-col-50 elementor-top-column elementor-element elementor-element-9cb16e7\" data-id=\"9cb16e7\" data-element_type=\"column\" data-e-type=\"column\">\n\t\t\t<div class=\"elementor-widget-wrap elementor-element-populated\">\n\t\t\t\t\t\t<div class=\"elementor-element elementor-element-3f547eb elementor-align-right elementor-widget elementor-widget-button\" data-id=\"3f547eb\" data-element_type=\"widget\" data-e-type=\"widget\" data-widget_type=\"button.default\">\n\t\t\t\t<div class=\"elementor-widget-container\">\n\t\t\t\t\t\t\t\t\t<div class=\"elementor-button-wrapper\">\n\t\t\t\t\t<a class=\"elementor-button elementor-button-link elementor-size-sm\" href=\"\">\n\t\t\t\t\t\t<span class=\"elementor-button-content-wrapper\">\n\t\t\t\t\t\t<span class=\"elementor-button-icon\">\n\t\t\t\t<i aria-hidden=\"true\" class=\"fab fa-pinterest-square\"><\/i>\t\t\t<\/span>\n\t\t\t\t\t\t\t\t\t<span class=\"elementor-button-text\">Cliquez ici<\/span>\n\t\t\t\t\t<\/span>\n\t\t\t\t\t<\/a>\n\t\t\t\t<\/div>\n\t\t\t\t\t\t\t\t<\/div>\n\t\t\t\t<\/div>\n\t\t\t\t<div class=\"elementor-element elementor-element-464565d elementor-arrows-position-inside elementor-pagination-position-outside elementor-widget elementor-widget-image-carousel\" data-id=\"464565d\" data-element_type=\"widget\" data-e-type=\"widget\" data-settings=\"{&quot;slides_to_show&quot;:&quot;3&quot;,&quot;navigation&quot;:&quot;both&quot;,&quot;autoplay&quot;:&quot;yes&quot;,&quot;pause_on_hover&quot;:&quot;yes&quot;,&quot;pause_on_interaction&quot;:&quot;yes&quot;,&quot;autoplay_speed&quot;:5000,&quot;infinite&quot;:&quot;yes&quot;,&quot;speed&quot;:500}\" data-widget_type=\"image-carousel.default\">\n\t\t\t\t<div class=\"elementor-widget-container\">\n\t\t\t\t\t\t\t<div class=\"elementor-image-carousel-wrapper swiper\" role=\"region\" aria-roledescription=\"carousel\" aria-label=\"Carrousel d\u2019images\" dir=\"ltr\">\n\t\t\t<div class=\"elementor-image-carousel swiper-wrapper swiper-image-stretch\" aria-live=\"off\">\n\t\t\t\t\t\t\t\t<div class=\"swiper-slide\" role=\"group\" aria-roledescription=\"slide\" aria-label=\"1 sur 21\"><a data-elementor-open-lightbox=\"yes\" data-elementor-lightbox-slideshow=\"464565d\" data-elementor-lightbox-title=\"Sc\u00e8ne de bistrot\" data-elementor-lightbox-description=\"stylo bille et aquarelle  sur papier, format    , 2020\" data-e-action-hash=\"#elementor-action%3Aaction%3Dlightbox%26settings%3DeyJpZCI6MTY5MCwidXJsIjoiaHR0cHM6XC9cL21hcnRpbmViZXNzaWVyZS5jb21cL3dwLWNvbnRlbnRcL3VwbG9hZHNcLzIwMTlcLzExXC9JTUdfNjI5NC1lMTU4ODU5NTk2MTk2NC5qcGciLCJzbGlkZXNob3ciOiI0NjQ1NjVkIn0%3D\" href=\"https:\/\/martinebessiere.com\/wp-content\/uploads\/2019\/11\/IMG_6294-e1588595961964.jpg\"><figure class=\"swiper-slide-inner\"><img decoding=\"async\" class=\"swiper-slide-image\" src=\"https:\/\/martinebessiere.com\/wp-content\/uploads\/2019\/11\/IMG_6294-300x300.jpg\" alt=\"Sc\u00e8ne de bistrot\" \/><\/figure><\/a><\/div><div class=\"swiper-slide\" role=\"group\" aria-roledescription=\"slide\" aria-label=\"2 sur 21\"><a data-elementor-open-lightbox=\"yes\" data-elementor-lightbox-slideshow=\"464565d\" data-elementor-lightbox-title=\"Sc\u00e8ne de bistrot\" data-elementor-lightbox-description=\"Feutre et encre sur papier, format        , 2020\" data-e-action-hash=\"#elementor-action%3Aaction%3Dlightbox%26settings%3DeyJpZCI6MTY4OSwidXJsIjoiaHR0cHM6XC9cL21hcnRpbmViZXNzaWVyZS5jb21cL3dwLWNvbnRlbnRcL3VwbG9hZHNcLzIwMTlcLzExXC9JTUdfNjI5My5qcGciLCJzbGlkZXNob3ciOiI0NjQ1NjVkIn0%3D\" href=\"https:\/\/martinebessiere.com\/wp-content\/uploads\/2019\/11\/IMG_6293.jpg\"><figure class=\"swiper-slide-inner\"><img decoding=\"async\" class=\"swiper-slide-image\" src=\"https:\/\/martinebessiere.com\/wp-content\/uploads\/2019\/11\/IMG_6293-300x300.jpg\" alt=\"Sc\u00e8ne de bistrot\" \/><\/figure><\/a><\/div><div class=\"swiper-slide\" role=\"group\" aria-roledescription=\"slide\" aria-label=\"3 sur 21\"><a data-elementor-open-lightbox=\"yes\" data-elementor-lightbox-slideshow=\"464565d\" data-elementor-lightbox-title=\"Sc\u00e8ne de bistrot\" data-elementor-lightbox-description=\"Feutre et crayon couleur sur papier, format        , 2020\" data-e-action-hash=\"#elementor-action%3Aaction%3Dlightbox%26settings%3DeyJpZCI6MTY5MywidXJsIjoiaHR0cHM6XC9cL21hcnRpbmViZXNzaWVyZS5jb21cL3dwLWNvbnRlbnRcL3VwbG9hZHNcLzIwMTlcLzExXC9JTUdfMjAxOTExMDVfMTYzNzEzLXNjYWxlZC5qcGciLCJzbGlkZXNob3ciOiI0NjQ1NjVkIn0%3D\" href=\"https:\/\/martinebessiere.com\/wp-content\/uploads\/2019\/11\/IMG_20191105_163713-scaled.jpg\"><figure class=\"swiper-slide-inner\"><img decoding=\"async\" class=\"swiper-slide-image\" src=\"https:\/\/martinebessiere.com\/wp-content\/uploads\/2019\/11\/IMG_20191105_163713-300x300.jpg\" alt=\"Sc\u00e8ne de bistrot\" \/><\/figure><\/a><\/div><div class=\"swiper-slide\" role=\"group\" aria-roledescription=\"slide\" aria-label=\"4 sur 21\"><a data-elementor-open-lightbox=\"yes\" data-elementor-lightbox-slideshow=\"464565d\" data-elementor-lightbox-title=\"Sc\u00e8ne de bistrot\" data-elementor-lightbox-description=\"Stylo et aquarelle sur papier, format        , 2020\" data-e-action-hash=\"#elementor-action%3Aaction%3Dlightbox%26settings%3DeyJpZCI6MTcwMiwidXJsIjoiaHR0cHM6XC9cL21hcnRpbmViZXNzaWVyZS5jb21cL3dwLWNvbnRlbnRcL3VwbG9hZHNcLzIwMTlcLzExXC9JTUdfMjAxOTEyMjBfMjA1NTAwLXNjYWxlZC5qcGciLCJzbGlkZXNob3ciOiI0NjQ1NjVkIn0%3D\" href=\"https:\/\/martinebessiere.com\/wp-content\/uploads\/2019\/11\/IMG_20191220_205500-scaled.jpg\"><figure class=\"swiper-slide-inner\"><img decoding=\"async\" class=\"swiper-slide-image\" src=\"https:\/\/martinebessiere.com\/wp-content\/uploads\/2019\/11\/IMG_20191220_205500-300x300.jpg\" alt=\"Sc\u00e8ne de bistrot\" \/><\/figure><\/a><\/div><div class=\"swiper-slide\" role=\"group\" aria-roledescription=\"slide\" aria-label=\"5 sur 21\"><a data-elementor-open-lightbox=\"yes\" data-elementor-lightbox-slideshow=\"464565d\" data-elementor-lightbox-title=\"Sc\u00e8ne de bistrot\" data-elementor-lightbox-description=\"Aquarelle sur papier, format      , 2020\" data-e-action-hash=\"#elementor-action%3Aaction%3Dlightbox%26settings%3DeyJpZCI6MTcwMSwidXJsIjoiaHR0cHM6XC9cL21hcnRpbmViZXNzaWVyZS5jb21cL3dwLWNvbnRlbnRcL3VwbG9hZHNcLzIwMTlcLzExXC9JTUdfMjAxOTEyMjBfMjA1NDUyLXNjYWxlZC5qcGciLCJzbGlkZXNob3ciOiI0NjQ1NjVkIn0%3D\" href=\"https:\/\/martinebessiere.com\/wp-content\/uploads\/2019\/11\/IMG_20191220_205452-scaled.jpg\"><figure class=\"swiper-slide-inner\"><img decoding=\"async\" class=\"swiper-slide-image\" src=\"https:\/\/martinebessiere.com\/wp-content\/uploads\/2019\/11\/IMG_20191220_205452-300x300.jpg\" alt=\"Sc\u00e8ne de bistrot\" \/><\/figure><\/a><\/div><div class=\"swiper-slide\" role=\"group\" aria-roledescription=\"slide\" aria-label=\"6 sur 21\"><a data-elementor-open-lightbox=\"yes\" data-elementor-lightbox-slideshow=\"464565d\" data-elementor-lightbox-title=\"Sc\u00e8ne de bistrot\" data-elementor-lightbox-description=\"Feutre et aquarelle sur papier, format     , 2020\" data-e-action-hash=\"#elementor-action%3Aaction%3Dlightbox%26settings%3DeyJpZCI6MTY5OSwidXJsIjoiaHR0cHM6XC9cL21hcnRpbmViZXNzaWVyZS5jb21cL3dwLWNvbnRlbnRcL3VwbG9hZHNcLzIwMTlcLzExXC9JTUdfMjAxOTEyMjBfMjA1NDM3LXNjYWxlZC5qcGciLCJzbGlkZXNob3ciOiI0NjQ1NjVkIn0%3D\" href=\"https:\/\/martinebessiere.com\/wp-content\/uploads\/2019\/11\/IMG_20191220_205437-scaled.jpg\"><figure class=\"swiper-slide-inner\"><img decoding=\"async\" class=\"swiper-slide-image\" src=\"https:\/\/martinebessiere.com\/wp-content\/uploads\/2019\/11\/IMG_20191220_205437-300x300.jpg\" alt=\"Sc\u00e8ne de bistrot\" \/><\/figure><\/a><\/div><div class=\"swiper-slide\" role=\"group\" aria-roledescription=\"slide\" aria-label=\"7 sur 21\"><a data-elementor-open-lightbox=\"yes\" data-elementor-lightbox-slideshow=\"464565d\" data-elementor-lightbox-title=\"Sc\u00e8ne de bistrot\" data-elementor-lightbox-description=\"Feutre sur papier de couleur, format    , 2020\" data-e-action-hash=\"#elementor-action%3Aaction%3Dlightbox%26settings%3DeyJpZCI6MTcwMywidXJsIjoiaHR0cHM6XC9cL21hcnRpbmViZXNzaWVyZS5jb21cL3dwLWNvbnRlbnRcL3VwbG9hZHNcLzIwMTlcLzExXC9JTUdfMjAxOTEyMjBfMjA1NTE5LXNjYWxlZC5qcGciLCJzbGlkZXNob3ciOiI0NjQ1NjVkIn0%3D\" href=\"https:\/\/martinebessiere.com\/wp-content\/uploads\/2019\/11\/IMG_20191220_205519-scaled.jpg\"><figure class=\"swiper-slide-inner\"><img decoding=\"async\" class=\"swiper-slide-image\" src=\"https:\/\/martinebessiere.com\/wp-content\/uploads\/2019\/11\/IMG_20191220_205519-300x300.jpg\" alt=\"Sc\u00e8ne de bistrot\" \/><\/figure><\/a><\/div><div class=\"swiper-slide\" role=\"group\" aria-roledescription=\"slide\" aria-label=\"8 sur 21\"><a data-elementor-open-lightbox=\"yes\" data-elementor-lightbox-slideshow=\"464565d\" data-elementor-lightbox-title=\"Sc\u00e8ne de bistrot\" data-elementor-lightbox-description=\"feutre sur papier, format    , 2020\" data-e-action-hash=\"#elementor-action%3Aaction%3Dlightbox%26settings%3DeyJpZCI6MTY5MiwidXJsIjoiaHR0cHM6XC9cL21hcnRpbmViZXNzaWVyZS5jb21cL3dwLWNvbnRlbnRcL3VwbG9hZHNcLzIwMTlcLzExXC9JTUdfMjAxOTExMDVfMTYzMDEwLXNjYWxlZC5qcGciLCJzbGlkZXNob3ciOiI0NjQ1NjVkIn0%3D\" href=\"https:\/\/martinebessiere.com\/wp-content\/uploads\/2019\/11\/IMG_20191105_163010-scaled.jpg\"><figure class=\"swiper-slide-inner\"><img decoding=\"async\" class=\"swiper-slide-image\" src=\"https:\/\/martinebessiere.com\/wp-content\/uploads\/2019\/11\/IMG_20191105_163010-300x300.jpg\" alt=\"Sc\u00e8ne de bistrot\" \/><\/figure><\/a><\/div><div class=\"swiper-slide\" role=\"group\" aria-roledescription=\"slide\" aria-label=\"9 sur 21\"><a data-elementor-open-lightbox=\"yes\" data-elementor-lightbox-slideshow=\"464565d\" data-elementor-lightbox-title=\"Sc\u00e8ne de march\u00e9\" data-elementor-lightbox-description=\"Feutre et gouache, format     , 2020\" data-e-action-hash=\"#elementor-action%3Aaction%3Dlightbox%26settings%3DeyJpZCI6MTY5OCwidXJsIjoiaHR0cHM6XC9cL21hcnRpbmViZXNzaWVyZS5jb21cL3dwLWNvbnRlbnRcL3VwbG9hZHNcLzIwMTlcLzExXC9JTUdfMjAxOTEyMjBfMjA1NDMwLXNjYWxlZC5qcGciLCJzbGlkZXNob3ciOiI0NjQ1NjVkIn0%3D\" href=\"https:\/\/martinebessiere.com\/wp-content\/uploads\/2019\/11\/IMG_20191220_205430-scaled.jpg\"><figure class=\"swiper-slide-inner\"><img decoding=\"async\" class=\"swiper-slide-image\" src=\"https:\/\/martinebessiere.com\/wp-content\/uploads\/2019\/11\/IMG_20191220_205430-300x300.jpg\" alt=\"Sc\u00e8ne de march\u00e9\" \/><\/figure><\/a><\/div><div class=\"swiper-slide\" role=\"group\" aria-roledescription=\"slide\" aria-label=\"10 sur 21\"><a data-elementor-open-lightbox=\"yes\" data-elementor-lightbox-slideshow=\"464565d\" data-elementor-lightbox-title=\"Sc\u00e8ne de march\u00e9\" data-elementor-lightbox-description=\"Encre et aquarelle sur papier, format     , 2020\" data-e-action-hash=\"#elementor-action%3Aaction%3Dlightbox%26settings%3DeyJpZCI6MTY5NywidXJsIjoiaHR0cHM6XC9cL21hcnRpbmViZXNzaWVyZS5jb21cL3dwLWNvbnRlbnRcL3VwbG9hZHNcLzIwMTlcLzExXC9JTUdfMjAxOTEyMjBfMjA1NDA4LXNjYWxlZC5qcGciLCJzbGlkZXNob3ciOiI0NjQ1NjVkIn0%3D\" href=\"https:\/\/martinebessiere.com\/wp-content\/uploads\/2019\/11\/IMG_20191220_205408-scaled.jpg\"><figure class=\"swiper-slide-inner\"><img decoding=\"async\" class=\"swiper-slide-image\" src=\"https:\/\/martinebessiere.com\/wp-content\/uploads\/2019\/11\/IMG_20191220_205408-300x300.jpg\" alt=\"Sc\u00e8ne de march\u00e9\" \/><\/figure><\/a><\/div><div class=\"swiper-slide\" role=\"group\" aria-roledescription=\"slide\" aria-label=\"11 sur 21\"><a data-elementor-open-lightbox=\"yes\" data-elementor-lightbox-slideshow=\"464565d\" data-elementor-lightbox-title=\"Croquis dans un bar de Malakoff\" data-elementor-lightbox-description=\"Feutre et aquarelle sur papier, format     , 2020\" data-e-action-hash=\"#elementor-action%3Aaction%3Dlightbox%26settings%3DeyJpZCI6MTcwMCwidXJsIjoiaHR0cHM6XC9cL21hcnRpbmViZXNzaWVyZS5jb21cL3dwLWNvbnRlbnRcL3VwbG9hZHNcLzIwMTlcLzExXC9JTUdfMjAxOTEyMjBfMjA1NDQ1LXNjYWxlZC5qcGciLCJzbGlkZXNob3ciOiI0NjQ1NjVkIn0%3D\" href=\"https:\/\/martinebessiere.com\/wp-content\/uploads\/2019\/11\/IMG_20191220_205445-scaled.jpg\"><figure class=\"swiper-slide-inner\"><img decoding=\"async\" class=\"swiper-slide-image\" src=\"https:\/\/martinebessiere.com\/wp-content\/uploads\/2019\/11\/IMG_20191220_205445-300x300.jpg\" alt=\"Croquis dans un bar de Malakoff\" \/><\/figure><\/a><\/div><div class=\"swiper-slide\" role=\"group\" aria-roledescription=\"slide\" aria-label=\"12 sur 21\"><a data-elementor-open-lightbox=\"yes\" data-elementor-lightbox-slideshow=\"464565d\" data-elementor-lightbox-title=\"Sc\u00e8ne de march\u00e9 \u00e0 Malakoff\" data-elementor-lightbox-description=\"Feutre sur papier, format    , 2020\" data-e-action-hash=\"#elementor-action%3Aaction%3Dlightbox%26settings%3DeyJpZCI6MTY5NiwidXJsIjoiaHR0cHM6XC9cL21hcnRpbmViZXNzaWVyZS5jb21cL3dwLWNvbnRlbnRcL3VwbG9hZHNcLzIwMTlcLzExXC9JTUdfMjAxOTEyMjBfMjA1MzU4LXNjYWxlZC5qcGciLCJzbGlkZXNob3ciOiI0NjQ1NjVkIn0%3D\" href=\"https:\/\/martinebessiere.com\/wp-content\/uploads\/2019\/11\/IMG_20191220_205358-scaled.jpg\"><figure class=\"swiper-slide-inner\"><img decoding=\"async\" class=\"swiper-slide-image\" src=\"https:\/\/martinebessiere.com\/wp-content\/uploads\/2019\/11\/IMG_20191220_205358-300x300.jpg\" alt=\"Sc\u00e8ne de march\u00e9 \u00e0 Malakoff\" \/><\/figure><\/a><\/div><div class=\"swiper-slide\" role=\"group\" aria-roledescription=\"slide\" aria-label=\"13 sur 21\"><a data-elementor-open-lightbox=\"yes\" data-elementor-lightbox-slideshow=\"464565d\" data-elementor-lightbox-title=\"Sc\u00e8ne de march\u00e9\" data-elementor-lightbox-description=\"Stylo et aquarelle sur papier, format     , 2020\" data-e-action-hash=\"#elementor-action%3Aaction%3Dlightbox%26settings%3DeyJpZCI6MTY5NSwidXJsIjoiaHR0cHM6XC9cL21hcnRpbmViZXNzaWVyZS5jb21cL3dwLWNvbnRlbnRcL3VwbG9hZHNcLzIwMTlcLzExXC9JTUdfMjAxOTEyMjBfMjA1MzQ5LXNjYWxlZC5qcGciLCJzbGlkZXNob3ciOiI0NjQ1NjVkIn0%3D\" href=\"https:\/\/martinebessiere.com\/wp-content\/uploads\/2019\/11\/IMG_20191220_205349-scaled.jpg\"><figure class=\"swiper-slide-inner\"><img decoding=\"async\" class=\"swiper-slide-image\" src=\"https:\/\/martinebessiere.com\/wp-content\/uploads\/2019\/11\/IMG_20191220_205349-300x300.jpg\" alt=\"Sc\u00e8ne de march\u00e9\" \/><\/figure><\/a><\/div><div class=\"swiper-slide\" role=\"group\" aria-roledescription=\"slide\" aria-label=\"14 sur 21\"><a data-elementor-open-lightbox=\"yes\" data-elementor-lightbox-slideshow=\"464565d\" data-elementor-lightbox-title=\"Sc\u00e8ne de march\u00e9\" data-elementor-lightbox-description=\"Feutre et gouache, format      , 2020\" data-e-action-hash=\"#elementor-action%3Aaction%3Dlightbox%26settings%3DeyJpZCI6MTY5NCwidXJsIjoiaHR0cHM6XC9cL21hcnRpbmViZXNzaWVyZS5jb21cL3dwLWNvbnRlbnRcL3VwbG9hZHNcLzIwMTlcLzExXC9JTUdfMjAxOTEyMjBfMTI0MDMzLmpwZyIsInNsaWRlc2hvdyI6IjQ2NDU2NWQifQ%3D%3D\" href=\"https:\/\/martinebessiere.com\/wp-content\/uploads\/2019\/11\/IMG_20191220_124033.jpg\"><figure class=\"swiper-slide-inner\"><img decoding=\"async\" class=\"swiper-slide-image\" src=\"https:\/\/martinebessiere.com\/wp-content\/uploads\/2019\/11\/IMG_20191220_124033-300x300.jpg\" alt=\"Sc\u00e8ne de march\u00e9\" \/><\/figure><\/a><\/div><div class=\"swiper-slide\" role=\"group\" aria-roledescription=\"slide\" aria-label=\"15 sur 21\"><a data-elementor-open-lightbox=\"yes\" data-elementor-lightbox-slideshow=\"464565d\" data-elementor-lightbox-title=\"Sc\u00e8ne de rue\" data-elementor-lightbox-description=\"Stylo et encre sur papier, format    , 2020\" data-e-action-hash=\"#elementor-action%3Aaction%3Dlightbox%26settings%3DeyJpZCI6MTY4OCwidXJsIjoiaHR0cHM6XC9cL21hcnRpbmViZXNzaWVyZS5jb21cL3dwLWNvbnRlbnRcL3VwbG9hZHNcLzIwMTlcLzExXC9JTUdfNjI5Mi5qcGciLCJzbGlkZXNob3ciOiI0NjQ1NjVkIn0%3D\" href=\"https:\/\/martinebessiere.com\/wp-content\/uploads\/2019\/11\/IMG_6292.jpg\"><figure class=\"swiper-slide-inner\"><img decoding=\"async\" class=\"swiper-slide-image\" src=\"https:\/\/martinebessiere.com\/wp-content\/uploads\/2019\/11\/IMG_6292-300x300.jpg\" alt=\"Sc\u00e8ne de rue\" \/><\/figure><\/a><\/div><div class=\"swiper-slide\" role=\"group\" aria-roledescription=\"slide\" aria-label=\"16 sur 21\"><a data-elementor-open-lightbox=\"yes\" data-elementor-lightbox-slideshow=\"464565d\" data-elementor-lightbox-title=\"Sc\u00e8ne de rue\" data-elementor-lightbox-description=\"Feutre et crayons de couleur sur papier, format    ,  2020\" data-e-action-hash=\"#elementor-action%3Aaction%3Dlightbox%26settings%3DeyJpZCI6MTY4NiwidXJsIjoiaHR0cHM6XC9cL21hcnRpbmViZXNzaWVyZS5jb21cL3dwLWNvbnRlbnRcL3VwbG9hZHNcLzIwMTlcLzExXC9JTUdfNjI4OC5qcGciLCJzbGlkZXNob3ciOiI0NjQ1NjVkIn0%3D\" href=\"https:\/\/martinebessiere.com\/wp-content\/uploads\/2019\/11\/IMG_6288.jpg\"><figure class=\"swiper-slide-inner\"><img decoding=\"async\" class=\"swiper-slide-image\" src=\"https:\/\/martinebessiere.com\/wp-content\/uploads\/2019\/11\/IMG_6288-300x300.jpg\" alt=\"Sc\u00e8ne de rue\" \/><\/figure><\/a><\/div><div class=\"swiper-slide\" role=\"group\" aria-roledescription=\"slide\" aria-label=\"17 sur 21\"><a data-elementor-open-lightbox=\"yes\" data-elementor-lightbox-slideshow=\"464565d\" data-elementor-lightbox-title=\"Sc\u00e8ne de rue\" data-elementor-lightbox-description=\"Feutre sur papier, format     , 2020\" data-e-action-hash=\"#elementor-action%3Aaction%3Dlightbox%26settings%3DeyJpZCI6MTY4NSwidXJsIjoiaHR0cHM6XC9cL21hcnRpbmViZXNzaWVyZS5jb21cL3dwLWNvbnRlbnRcL3VwbG9hZHNcLzIwMTlcLzExXC9JTUdfNjI4Ni1zY2FsZWQtZTE1ODg1MzQzMTgyMzAuanBnIiwic2xpZGVzaG93IjoiNDY0NTY1ZCJ9\" href=\"https:\/\/martinebessiere.com\/wp-content\/uploads\/2019\/11\/IMG_6286-scaled-e1588534318230.jpg\"><figure class=\"swiper-slide-inner\"><img decoding=\"async\" class=\"swiper-slide-image\" src=\"https:\/\/martinebessiere.com\/wp-content\/uploads\/2019\/11\/IMG_6286-225x300.jpg\" alt=\"Sc\u00e8ne de rue\" \/><\/figure><\/a><\/div><div class=\"swiper-slide\" role=\"group\" aria-roledescription=\"slide\" aria-label=\"18 sur 21\"><a data-elementor-open-lightbox=\"yes\" data-elementor-lightbox-slideshow=\"464565d\" data-elementor-lightbox-title=\"Sc\u00e8ne de rue\" data-elementor-lightbox-description=\"Feutre et encre sur papier, format    , 2020\" data-e-action-hash=\"#elementor-action%3Aaction%3Dlightbox%26settings%3DeyJpZCI6MTY4NCwidXJsIjoiaHR0cHM6XC9cL21hcnRpbmViZXNzaWVyZS5jb21cL3dwLWNvbnRlbnRcL3VwbG9hZHNcLzIwMTlcLzExXC9JTUdfNjI4NS5qcGciLCJzbGlkZXNob3ciOiI0NjQ1NjVkIn0%3D\" href=\"https:\/\/martinebessiere.com\/wp-content\/uploads\/2019\/11\/IMG_6285.jpg\"><figure class=\"swiper-slide-inner\"><img decoding=\"async\" class=\"swiper-slide-image\" src=\"https:\/\/martinebessiere.com\/wp-content\/uploads\/2019\/11\/IMG_6285-300x300.jpg\" alt=\"Sc\u00e8ne de rue\" \/><\/figure><\/a><\/div><div class=\"swiper-slide\" role=\"group\" aria-roledescription=\"slide\" aria-label=\"19 sur 21\"><a data-elementor-open-lightbox=\"yes\" data-elementor-lightbox-slideshow=\"464565d\" data-elementor-lightbox-title=\"Sc\u00e8ne de rue\" data-elementor-lightbox-description=\"Feutre et encre sur papier, format     , 2020\" data-e-action-hash=\"#elementor-action%3Aaction%3Dlightbox%26settings%3DeyJpZCI6MTY4NywidXJsIjoiaHR0cHM6XC9cL21hcnRpbmViZXNzaWVyZS5jb21cL3dwLWNvbnRlbnRcL3VwbG9hZHNcLzIwMTlcLzExXC9JTUdfNjI5MS5qcGciLCJzbGlkZXNob3ciOiI0NjQ1NjVkIn0%3D\" href=\"https:\/\/martinebessiere.com\/wp-content\/uploads\/2019\/11\/IMG_6291.jpg\"><figure class=\"swiper-slide-inner\"><img decoding=\"async\" class=\"swiper-slide-image\" src=\"https:\/\/martinebessiere.com\/wp-content\/uploads\/2019\/11\/IMG_6291-300x300.jpg\" alt=\"Sc\u00e8ne de rue\" \/><\/figure><\/a><\/div><div class=\"swiper-slide\" role=\"group\" aria-roledescription=\"slide\" aria-label=\"20 sur 21\"><a data-elementor-open-lightbox=\"yes\" data-elementor-lightbox-slideshow=\"464565d\" data-elementor-lightbox-title=\"Intifada\" data-elementor-lightbox-description=\"Feutre sur carton d&#039;emballage, format 50x70 cm, 2015\" data-e-action-hash=\"#elementor-action%3Aaction%3Dlightbox%26settings%3DeyJpZCI6MTY4MywidXJsIjoiaHR0cHM6XC9cL21hcnRpbmViZXNzaWVyZS5jb21cL3dwLWNvbnRlbnRcL3VwbG9hZHNcLzIwMTlcLzExXC9HdVx1MDBlOXJpbGxhLjUweDcwLTIwMTUtMS1zY2FsZWQuanBnIiwic2xpZGVzaG93IjoiNDY0NTY1ZCJ9\" href=\"https:\/\/martinebessiere.com\/wp-content\/uploads\/2019\/11\/Gu\u00e9rilla.50x70-2015-1-scaled.jpg\"><figure class=\"swiper-slide-inner\"><img decoding=\"async\" class=\"swiper-slide-image\" src=\"https:\/\/martinebessiere.com\/wp-content\/uploads\/2019\/11\/Gu\u00e9rilla.50x70-2015-1-300x300.jpg\" alt=\"Intifada\" \/><\/figure><\/a><\/div><div class=\"swiper-slide\" role=\"group\" aria-roledescription=\"slide\" aria-label=\"21 sur 21\"><a data-elementor-open-lightbox=\"yes\" data-elementor-lightbox-slideshow=\"464565d\" data-elementor-lightbox-title=\"Nu mod\u00e8le vivant \u00e0 la Grande Chaumi\u00e8re\" data-elementor-lightbox-description=\"Feutre sur papier, format    , 2020\" data-e-action-hash=\"#elementor-action%3Aaction%3Dlightbox%26settings%3DeyJpZCI6MTY5MSwidXJsIjoiaHR0cHM6XC9cL21hcnRpbmViZXNzaWVyZS5jb21cL3dwLWNvbnRlbnRcL3VwbG9hZHNcLzIwMTlcLzExXC9JTUdfMjAxOTEwMThfMTIxODQzLTEtc2NhbGVkLmpwZyIsInNsaWRlc2hvdyI6IjQ2NDU2NWQifQ%3D%3D\" href=\"https:\/\/martinebessiere.com\/wp-content\/uploads\/2019\/11\/IMG_20191018_121843-1-scaled.jpg\"><figure class=\"swiper-slide-inner\"><img decoding=\"async\" class=\"swiper-slide-image\" src=\"https:\/\/martinebessiere.com\/wp-content\/uploads\/2019\/11\/IMG_20191018_121843-1-300x300.jpg\" alt=\"Nu mod\u00e8le vivant \u00e0 la Grande Chaumi\u00e8re\" \/><\/figure><\/a><\/div>\t\t\t<\/div>\n\t\t\t\t\t\t\t\t\t\t\t\t<div class=\"elementor-swiper-button elementor-swiper-button-prev\" role=\"button\" tabindex=\"0\">\n\t\t\t\t\t\t<i aria-hidden=\"true\" class=\"eicon-chevron-left\"><\/i>\t\t\t\t\t<\/div>\n\t\t\t\t\t<div class=\"elementor-swiper-button elementor-swiper-button-next\" role=\"button\" tabindex=\"0\">\n\t\t\t\t\t\t<i aria-hidden=\"true\" class=\"eicon-chevron-right\"><\/i>\t\t\t\t\t<\/div>\n\t\t\t\t\n\t\t\t\t\t\t\t\t\t<div class=\"swiper-pagination\"><\/div>\n\t\t\t\t\t\t\t\t\t<\/div>\n\t\t\t\t\t\t<\/div>\n\t\t\t\t<\/div>\n\t\t\t\t\t<\/div>\n\t\t<\/div>\n\t\t\t\t<div class=\"elementor-column elementor-col-50 elementor-top-column elementor-element elementor-element-b107278\" data-id=\"b107278\" data-element_type=\"column\" data-e-type=\"column\">\n\t\t\t<div class=\"elementor-widget-wrap\">\n\t\t\t\t\t\t\t<\/div>\n\t\t<\/div>\n\t\t\t\t\t<\/div>\n\t\t<\/section>\n\t\t\t\t<section class=\"elementor-section elementor-top-section elementor-element elementor-element-b6509d2 elementor-section-boxed elementor-section-height-default elementor-section-height-default\" data-id=\"b6509d2\" data-element_type=\"section\" data-e-type=\"section\">\n\t\t\t\t\t\t<div class=\"elementor-container elementor-column-gap-default\">\n\t\t\t\t\t<div class=\"elementor-column elementor-col-50 elementor-top-column elementor-element elementor-element-ccf3c23\" data-id=\"ccf3c23\" data-element_type=\"column\" data-e-type=\"column\">\n\t\t\t<div class=\"elementor-widget-wrap\">\n\t\t\t\t\t\t\t<\/div>\n\t\t<\/div>\n\t\t\t\t<div class=\"elementor-column elementor-col-50 elementor-top-column elementor-element elementor-element-33c42dc\" data-id=\"33c42dc\" data-element_type=\"column\" data-e-type=\"column\">\n\t\t\t<div class=\"elementor-widget-wrap\">\n\t\t\t\t\t\t\t<\/div>\n\t\t<\/div>\n\t\t\t\t\t<\/div>\n\t\t<\/section>\n\t\t\t\t<\/div>\n\t\t","protected":false},"excerpt":{"rendered":"<p>Cliquez ici Pr\u00e9c\u00e9dent Suivant<\/p>\n","protected":false},"author":2,"featured_media":0,"parent":0,"menu_order":0,"comment_status":"closed","ping_status":"closed","template":"","meta":{"_vp_format_video_url":"","_vp_image_focal_point":[],"footnotes":""},"class_list":["post-1738","page","type-page","status-publish","hentry"],"jetpack_sharing_enabled":true,"_links":{"self":[{"href":"https:\/\/martinebessiere.com\/index.php\/wp-json\/wp\/v2\/pages\/1738","targetHints":{"allow":["GET"]}}],"collection":[{"href":"https:\/\/martinebessiere.com\/index.php\/wp-json\/wp\/v2\/pages"}],"about":[{"href":"https:\/\/martinebessiere.com\/index.php\/wp-json\/wp\/v2\/types\/page"}],"author":[{"embeddable":true,"href":"https:\/\/martinebessiere.com\/index.php\/wp-json\/wp\/v2\/users\/2"}],"replies":[{"embeddable":true,"href":"https:\/\/martinebessiere.com\/index.php\/wp-json\/wp\/v2\/comments?post=1738"}],"version-history":[{"count":21,"href":"https:\/\/martinebessiere.com\/index.php\/wp-json\/wp\/v2\/pages\/1738\/revisions"}],"predecessor-version":[{"id":2642,"href":"https:\/\/martinebessiere.com\/index.php\/wp-json\/wp\/v2\/pages\/1738\/revisions\/2642"}],"wp:attachment":[{"href":"https:\/\/martinebessiere.com\/index.php\/wp-json\/wp\/v2\/media?parent=1738"}],"curies":[{"name":"wp","href":"https:\/\/api.w.org\/{rel}","templated":true}]}}